me factors of 2728.
2, 11, 31
What are the prime factors of 16259?
71, 229
List the prime factors of 51974.
2, 13, 1999
What are the prime factors of 69112?
2, 53, 163
List the prime factors of 1177.
11, 107
What are the prime factors of 96695?
5, 83, 233
What are the prime factors of 30385?
5, 59, 103
List the prime factors of 5723.
59, 97
List the prime factors of 1128.
2, 3, 47
What are the prime factors of 7758?
2, 3, 431
List the prime factors of 780.
2, 3, 5, 13
List the prime factors of 10858.
2, 61, 89
What are the prime factors of 160?
2, 5
What are the prime factors of 26702?
2, 13, 79
List the prime factors of 2510.
2, 5, 251
List the prime factors of 3071.
37, 83
What are the prime factors of 3836?
2, 7, 137
What are the prime factors of 16574?
2, 8287
What are the prime factors of 4563?
3, 13
What are the prime factors of 13238?
2, 6619
List the prime factors of 14078.
2, 7039
What are the prime factors of 40219?
37, 1087
List the prime factors of 5770.
2, 5, 577
List the prime factors of 1372.
2, 7
List the prime factors of 71772.
2, 3, 5981
What are the prime factors of 24682?
2, 7, 41, 43
What are the prime factors of 3440?
2, 5, 43
List the prime factors of 1276.
2, 11, 29
List the prime factors of 2511.
3, 31
What are the prime factors of 2611?
7, 373
What are the prime factors of 93579?
3, 31193
What are the prime factors of 10132?
2, 17, 149
What are the prime factors of 29640?
2, 3, 5, 13, 19
What are the prime factors of 1944?
2, 3
List the prime factors of 12995.
5, 23, 113
What are the prime factors of 3647?
7, 521
List the prime factors of 1912.
2, 239
What are the prime factors of 30535?
5, 31, 197
List the prime factors of 257.
257
What are the prime factors of 1156?
2, 17
What are the prime factors of 62260?
2, 5, 11, 283
List the prime factors of 24996.
2, 3, 2083
What are the prime factors of 2494?
2, 29, 43
What are the prime factors of 437?
19, 23
What are the prime factors of 2473?
2473
List the prime factors of 81824.
2, 2557
List the prime factors of 3603.
3, 1201
What are the prime factors of 8203?
13, 631
What are the prime factors of 8463?
3, 7, 13, 31
What are the prime factors of 8059?
8059
List the prime factors of 269.
269
List the prime factors of 107764.
2, 29, 929
What are the prime factors of 3316?
2, 829
List the prime factors of 29060.
2, 5, 1453
List the prime factors of 2254.
2, 7, 23
What are the prime factors of 1572?
2, 3, 131
List the prime factors of 8849.
8849
List the prime factors of 7798.
2, 7, 557
List the prime factors of 5813.
5813
What are the prime factors of 1568?
2, 7
List the prime factors of 891.
3, 11
What are the prime factors of 470?
2, 5, 47
What are the prime factors of 16926?
2, 3, 7, 13, 31
What are the prime factors of 9851?
9851
What are the prime factors of 80665?
5, 13, 17, 73
What are the prime factors of 35502?
2, 3, 61, 97
What are the prime factors of 3302?
2, 13, 127
What are the prime factors of 2152?
2, 269
What are the prime factors of 5836?
2, 1459
What are the prime factors of 5237?
5237
List the prime factors of 4223.
41, 103
List the prime factors of 19023.
3, 17, 373
List the prime factors of 3280.
2, 5, 41
What are the prime factors of 12162?
2, 3, 2027
List the prime factors of 2085.
3, 5, 139
What are the prime factors of 54878?
2, 23, 1193
What are the prime factors of 815?
5, 163
List the prime factors of 5524.
2, 1381
What are the prime factors of 11365?
5, 2273
What are the prime factors of 44322?
2, 3, 83, 89
List the prime factors of 44891.
7, 11, 53
What are the prime factors of 787?
787
What are the prime factors of 600?
2, 3, 5
What are the prime factors of 15432?
2, 3, 643
What are the prime factors of 1755?
3, 5, 13
What are the prime factors of 312?
2, 3, 13
List the prime factors of 14959.
7, 2137
What are the prime factors of 8091?
3, 29, 31
List the prime factors of 6081.
3, 2027
List the prime factors of 703.
19, 37
List the prime factors of 1723.
1723
What are the prime factors of 4687?
43, 109
List the prime factors of 544.
2, 17
List the prime factors of 203.
7, 29
List the prime factors of 2634.
2, 3, 439
List the prime factors of 11571.
3, 7, 19, 29
List the prime factors of 5762.
2, 43, 67
List the prime factors of 317.
317
What are the prime factors of 7882?
2, 7, 563
List the prime factors of 746.
2, 373
What are the prime factors of 159592?
2, 19949
What are the prime factors of 1685?
5, 337
List the prime factors of 1150.
2, 5, 23
List the prime factors of 6455.
5, 1291
List the prime factors of 10205.
5, 13, 157
List the prime factors of 32408.
2, 4051
What are the prime factors of 3919?
3919
List the prime factors of 10050.
2, 3, 5, 67
List the prime factors of 95207.
7, 29, 67
List the prime factors of 1908.
2, 3, 53
What are the prime factors of 2983?
19, 157
What are the prime factors of 4818?
2, 3, 11, 73
List the prime factors of 12045.
3, 5, 11, 73
What are the prime factors of 1347?
3, 449
What are the prime factors of 90953?
19, 4787
List the prime factors of 4605.
3, 5, 307
What are the prime factors of 699?
3, 233
List the prime factors of 3688.
2, 461
What are the prime factors of 5601?
3, 1867
What are the prime factors of 169791?
3, 56597
What are the prime factors of 81382?
2, 7, 5813
What are the prime factors of 3393?
3, 13, 29
What are the prime factors of 102?
2, 3, 17
List the prime factors of 10153.
11, 13, 71
List the prime factors of 1741.
1741
What are the prime factors of 4792?
2, 599
What are the prime factors of 5613?
3, 1871
List the prime factors of 4870.
2, 5, 487
List the prime factors of 1086.
2, 3, 181
What are the prime factors of 71891?
29, 37, 67
List the prime factors of 27491.
37, 743
List the prime factors of 212.
2, 53
List the prime factors of 2516.
2, 17, 37
List the prime factors of 31922.
2, 11, 1451
What are the prime factors of 228?
2, 3, 19
List the prime factors of 31680.
2, 3, 5, 11
List the prime factors of 88391.
157, 563
What are the prime factors of 21283?
21283
List the prime factors of 4312.
2, 7, 11
What are the prime factors of 117879?
3, 39293
List the prime factors of 3652.
2, 11, 83
What are the prime factors of 14154?
2, 3, 7, 337
What are the prime factors of 2192?
2, 137
What are the prime factors of 31056?
2, 3, 647
What are the prime factors of 11272?
2, 1409
List the prime factors of 4925.
5, 197
What are the prime factors of 637?
7, 13
List the prime factors of 983.
983
List the prime factors of 22573.
22573
List the prime factors of 80488.
2, 10061
List the prime factors of 13995.
3, 5, 311
List the prime factors of 826.
2, 7, 59
List the prime factors of 8550.
2, 3, 5, 19
What are the prime factors of 109580?
2, 5, 5479
What are the prime factors of 815?
5, 163
What are the prime factors of 4374?
2, 3
List the prime factors of 185688.
2, 3, 2579
List the prime factors of 882.
2, 3, 7
List the prime factors of 19739.
19739
List the prime factors of 6370.
2, 5, 7, 13
List the prime factors of 49650.
2, 3, 5, 331
List the prime factors of 4759.
4759
List the prime factors of 229.
229
List the prime factors of 1473.
3, 491
What are the prime factors of 8279?
17, 487
What are the prime factors of 1041?
3, 347
List the prime factors of 17931.
3, 43, 139
What are the prime factors of 18694?
2, 13, 719
List the prime factors of 3921.
3, 1307
What are the prime factors of 6519?
3, 41, 53
What are the prime factors of 80653?
59, 1367
What are the prime factors of 72323?
31, 2333
What are the prime factors of 2342?
2, 1171
List the prime factors of 69395.
5, 13879
What are the prime factors of 28342?
2, 37, 383
What are the prime factors of 762?
2, 3, 127
List the prime factors of 38862.
2, 3, 17, 127
List the prime factors of 6519.
3, 41, 53
What are the prime factors of 63906?
2, 3, 10651
List the prime factors of 2667.
3, 7, 127
List the prime factors of 16739.
19, 881
What are the prime factors of 53551?
53551
List the prime factors of 67115.
5, 31, 433
What are the prime factors of 1091?
1091
List the prime factors of 6282.
2, 3, 349
What are the prime factors of 7452?
2, 3, 23
List the prime factors of 51196.
2, 12799
List the prime factors of 9541.
7, 29, 47
List the prime factors of 10291.
41, 251
List the prime factors of 2765.
5, 7, 79
List the prime f